 hundreds digit of d?
1
Let w = 25 - 21. Suppose -5*g + 2*n + 155 = 5*n, -w*g + 141 = -n. What is the tens digit of g?
3
Let d(w) = 176*w - 680. What is the units digit of d(29)?
4
Let o(w) = 53*w - 17. Let h(z) = -53*z + 17. Let v(d) = -6*h(d) - 5*o(d). What is the tens digit of v(2)?
8
Let i be 40/6 + 6/(-9). Suppose -2*k - 5*q = i, -3*k - 2*q + 0 + 2 = 0. What is the units digit of (k/(-4))/(9/(-126))?
7
Suppose 45 = 3*a - 69. Suppose n = s + 68, -n + a = 2*s - 36. What is the tens digit of n?
7
Suppose 5224 = 14*h - 3470. What is the tens digit of h?
2
Let r(z) = z**2 + 6*z + 24. Let u = -39 - -27. What is the units digit of r(u)?
6
Suppose -11 = -3*d - 3*v + 19, 3*v + 54 = 4*d. Suppose -z = 2*z - d. Suppose -26 = -z*k + 26. What is the units digit of k?
3
Suppose 22*i - 29765 + 5609 = 0. What is the thousands digit of i?
1
Let y(s) = 52*s + 3. Let c(r) = -r. Let t(l) = 3*c(l) + y(l). Let j be t(1). Let b = j + -33. What is the units digit of b?
9
Let m be (-18 - (-7 + 3)) + -4. What is the tens digit of (103*6/9)/((-12)/m)?
0
Let p = 467 - -192. What is the hundreds digit of p?
6
Let a = 877 - 787. What is the tens digit of a?
9
Let p be 2*(-3)/(6/(-4)). Suppose l + 6 = p*l. Suppose -l*d + 24 = d. What is the units digit of d?
8
Suppose -3*q - 2*g + 194 = 0, 4*q = -2*g - 0*g + 260. What is the tens digit of (-16)/24*q/10*-5?
2
Let p(v) = 7*v - 27. Let b be p(12). Let i = 81 + b. What is the tens digit of i?
3
Suppose -3 = -2*u - 83. Let b = u - -14. Let a = b + 45. What is the units digit of a?
9
Suppose 5*q + 39 = 3*p - 11, -p - 4*q - 6 = 0. Let u be (-2)/5 + (-36)/p. Let t = u + 17. What is the units digit of t?
3
Suppose -1080 + 210 = -10*n. Suppose -n - 18 = -5*w. What is the tens digit of w?
2
Suppose 0 = t + h - 2, -3*h = -5*t + 13 + 21. Suppose -t*a - 105 - 9 = -2*y, 2*a - 8 = 0. What is the units digit of y?
7
Suppose t - 4 = -0*t. Suppose -t*s - 2*z + 568 = 0, 276 = 2*s - z - 0*z. Suppose -4*b = -24 - s. What is the units digit of b?
1
Let b(d) = -d**2 + 2*d + 10. Suppose -m = 4*m. Let f be b(m). Let z(y) = y**2 - 5*y - 6. What is the units digit of z(f)?
4
Suppose 3*n + y - 573 = 0, 0 = 2*n + 3*n - 4*y - 955. Let w = -73 + n. What is the tens digit of w?
1
Let k = 834 + -288. What is the units digit of k?
6
What is the units digit of ((-1392)/(-9))/(10/30)?
4
What is the hundreds digit of (-62002)/(-29) - (-1)/1?
1
Suppose -4*d = 3*b - 3431 + 850, -4 = 4*b. What is the tens digit of d?
4
Let x = 0 + 2. Suppose x*g = 43 + 67. Suppose -5*n = -2*y - 3*y + 160, 2*y = -n + g. What is the units digit of y?
9
Let h = -1 - -32. Let d(i) = i**2 + i - 3. Let r be d(-3). Suppose 85 = r*t + h. What is the units digit of t?
8
Let y(w) = -w**3 - 3*w**2 - 2*w - 1. Let r be y(-3). Suppose r*t + j = 190, -3*j + 102 = 4*t - t. What is the tens digit of t?
3
Let v = 526 - -187. What is the hundreds digit of v?
7
Let w = -530 + 970. Suppose 0 = -4*s - 4*s + w. What is the tens digit of s?
5
Let g = -212 + 388. What is the tens digit of g?
7
Suppose -5*w - 18*k + 5125 = -17*k, -3062 = -3*w + 2*k. What is the thousands digit of w?
1
What is the units digit of -6*((-6110)/30)/13?
4
Suppose 5*y + 1 = 4*y, -3*t + 12 = -3*y. What is the hundreds digit of -2 + t + 127 + (-3)/(-1)?
1
Let r(x) = 41*x - 422. What is the units digit of r(29)?
7
Suppose 3*k + k - 12 = 0. Suppose 3*h - 13 = h - k*w, 4*h - 1 = -w. What is the units digit of h/(-2) - 553/(-14)?
0
Let g = 7683 - 4011. What is the tens digit of g?
7
Suppose -5*j + 4*a + 21 = 0, 4 = -j - 4*a + 13. What is the units digit of (-5)/25 + 6/j?
1
What is the units digit of (-16)/((-47)/(-16) - 3)?
6
What is the units digit of 3 + 124/(-6)*(-19 - -1)?
5
Let n(u) = 12*u - 10. Let c be n(3). Suppose f - 158 = -5*a, 40 = 2*a - f - c. What is the units digit of a?
2
Let w = 51 + -37. Suppose 5*v - 11 - w = 0. What is the units digit of v?
5
Let h = -52 + 55. Suppose -4*u + h*u + 48 = 0. What is the units digit of u?
8
Suppose -310400 = -57*f - 7*f. What is the thousands digit of f?
4
Let o = -41 + 68. Let j = 14 + o. What is the tens digit of j?
4
Suppose -3*u - 3 + 0 = 0. What is the units digit of u/(-4)*-2 - 127/(-2)?
3
Suppose i + 138 = -0*i. Let s = 193 + i. What is the units digit of s?
5
Let f = 24 - 20. Suppose 5*z + 20 = 0, 3*z + 2*z - 200 = -f*v. What is the units digit of v?
5
Let f = -12684 + 18219. What is the tens digit of f?
3
Let m(x) = x**2 - 9*x + 10. Suppose b + 23 = 4*j, 0 = -j + 3*b - 2*b + 2. Let k be m(j). Let d = k - -26. What is the tens digit of d?
2
Let l(x) = x**3 + 13*x**2 - 14*x - 4. Let n be l(-14). What is the units digit of (-44)/(-33)*(-9)/n?
3
Let a(w) = -w**3 + 8*w**2 + 12*w - 21. Let h be a(9). Let l = 10 - h. Let x(t) = 15*t - 7. What is the tens digit of x(l)?
5
Let g(p) = -4*p + 70. Let o(l) = 2*l - 35. Let a(b) = 3*g(b) + 5*o(b). What is the units digit of a(0)?
5
Suppose 0*d = -2*d + 6, 3*d = -4*h + 233. Let f be ((-1)/4)/((-2)/h). Suppose -f*t + 132 = -t. What is the tens digit of t?
2
Let w be -1 - (0 + 10 - 3). Let z = w + 4. Let i = 10 + z. What is the units digit of i?
6
Let j = 2154 + -1292. What is the units digit of j?
2
Let i(b) = 2*b**3 + 2*b**2 - b - 2. Let r be i(1). What is the tens digit of 103*r + (-32)/8?
9
Let g(o) = o**3 + 8*o**2 - 2*o - 9. Let r = -14 - -18. Suppose -51 = 5*w + r*b, 0*w + 2*b = -3*w - 29. What is the tens digit of g(w)?
5
What is the tens digit of 2/5 - (-8773)/155?
5
Suppose 6*w = w - 110. Let b = w + 60. What is the tens digit of b?
3
Let r be 10/(-5) + 5 - -63. Let u = r - -3. What is the units digit of u?
9
Let i(h) = 32*h + 127. What is the hundreds digit of i(13)?
5
Let f(t) = 1069*t**2 + 21*t - 49. What is the tens digit of f(2)?
6
Suppose -5*u = 2*u + 112. Let d = 237 + u. What is the units digit of d?
1
Let u(a) = 7*a**3 - 2*a**2 + 29*a - 28. What is the tens digit of u(7)?
7
Let n = 1022 + -379. What is the hundreds digit of n?
6
What is the hundreds digit of -2*(86 - (-6 - -3))*-1?
1
What is the thousands digit of ((-21)/(-35))/((-6)/(-11670))?
1
Let u = -702 + 2011. What is the tens digit of u?
0
Let k be ((-2)/8)/((-3)/60). Suppose 36 + 149 = 3*a + 2*s, -k*s = 5*a - 310. What is the tens digit of a?
6
What is the units digit of (303 - (-9 - -4)) + -7?
1
Let p = -2155 - -3084. What is the units digit of p?
9
What is the tens digit of (-4002)/(-3) + (22 - 25)?
3
What is the hundreds digit of 36335/172 + (-20)/16?
2
Let r = 246 - 131. Let m = 302 - r. What is the hundreds digit of m?
1
Let l = -37 + 28. What is the tens digit of (2 - 24)/(3/l)?
6
Let g be (-33)/(-22)*22/(-1). Let c = 14 + 41. Let h = c + g. What is the units digit of h?
2
Let j = 96 - -522. What is the tens digit of j?
1
Let w be (-6)/4 - 3/((-30)/85). Suppose 0 = w*z + 7 - 266. What is the units digit of z?
7
Suppose 2*m + 3*m = -2*w + 2188, 0 = -4*m - 3*w + 1756. Suppose a + m = 5*a. What is the units digit of a?
9
Let n be (-8)/(32/12) + -24 - -4. Let z(a) = -5*a**3 - 2. Let h be z(-2). Let u = n + h. What is the tens digit of u?
1
Let m(q) = 454*q + 1009. What is the hundreds digit of m(11)?
0
Let d(u) = -u**2 + 9*u - 1. Let g be d(8). Suppose 4*y = g*y - 291. What is the tens digit of y?
9
Suppose -6*l = -502 - 4874. What is the hundreds digit of l?
8
What is the units digit of 2693/5 - 200/(-500)?
9
What is the hundreds digit of (-30)/(-225) - (152066/(-30) - 3)?
0
Let c(g) = 2*g + 43*g**2 + 6 - 9*g**2 + g. What is the hundreds digit of c(-2)?
1
What is the tens digit of (2*41)/(1/6)?
9
Let x(o) = -o**3 - 8*o**2 - 6*o + 11. Let q be x(-7). Suppose -5*z - 9 = -8*z. Suppose -2*t = -2*b + q, 5*t - 2*b - z = 2. What is the units digit of t?
3
Let d(f) = -f - 47. Let a(m) = -m - 46. Let t(w) = -5*a(w) + 4*d(w). Suppose 2*y - 8 = -4*l, 2*l + 2*l = 4*y + 8. What is the units digit of t(y)?
2
Suppose 5*j = -f + 14742, j + f = 5*j - 11790. What is the hundreds digit of j?
9
Suppose 0 = 3*c - 3*t - 0*t - 3, 35 = 5*c + 5*t. Suppose -c*o + 11 = -7*o + 5*x, -4*o - 2*x - 6 = 0. What is the units digit of (-6)/o + (-4)/(-4)?
4
Suppose 109*o + 2358 = 118*o. What is the hundreds digit of o?
2
Suppose l - 6*l - 265 = 0. Let n = l + 66. What is the tens digit of n?
1
Let w(g) = 9*g**2 + 11*g - 2*g + 5*g - g**3 - 3*g. What is the tens digit of w(9)?
9
Suppose 0*n + 